 o be n(11). Suppose 0 = -3*f + 1 + 134. Calculate the greatest common divisor of o and f.
5
Let l(m) = 16*m - 3. Let r be l(8). What is the greatest common divisor of r and 50?
25
Let a = 41 - 25. Calculate the greatest common divisor of 8 and a.
8
Let m(o) be the first derivative of 2 + 17*o + 1/4*o**4 + 0*o**2 - 1/3*o**3. Let h be m(0). What is the highest common factor of h and 136?
17
Let o be (-54)/(-9)*(0 + 1). Calculate the greatest common factor of o and 4.
2
Let f(u) = 7*u - 21. Let r be f(12). Calculate the greatest common factor of 14 and r.
7
Let v = 10 + -11. Let w be ((-6)/8)/(v/8). Suppose 0 = -2*o + 4*o - 60. What is the highest common factor of w and o?
6
Let u = 196 - 314. Let n = -80 - u. Suppose 6*a = 3*a - 2*c + 287, 2*c = 2. What is the greatest common divisor of n and a?
19
Let d(x) = -16*x**3 - 3*x**2 - x + 2. Let a be d(-2). Let z(r) = r**3 + 15*r**2 + 33*r - 21. Let j be z(-12). Calculate the highest common factor of j and a.
15
Suppose 3*y + 125 = 5*k, 3*k - 2*y = -0*y + 74. Let z = k + 17. What is the highest common divisor of z and 15?
15
Suppose 5*g - 3*g - 26 = 0. What is the greatest common factor of 13 and g?
13
Let d = -5 - -8. Suppose -5*x - 12 - 3 = 0, -d*v + 21 = -3*x. Calculate the highest common factor of 16 and v.
4
Let j be 68 - (-6 + -2 + 4). Suppose 4*t = 456 + j. What is the highest common divisor of 12 and t?
12
Suppose -3*z + 232 - 70 = 0. Suppose -x + 4*x = z. Calculate the highest common divisor of x and 2.
2
Let p be ((-3)/(-1)*3)/(66/44). Let a(u) = u**2 + u. Let z be a(3). What is the highest common divisor of z and p?
6
Suppose 3*l + 900 = 6*l. Suppose -2*n + 5*w + 214 = -66, l = 2*n + 5*w. What is the greatest common factor of n and 29?
29
Let d(m) = -2*m - 5. Let x be d(-4). Suppose 0 = -3*u + v - 78, 4*v + 60 = -x*u - 33. Let j = -18 - u. What is the greatest common divisor of 1 and j?
1
Let o(u) = 6*u - 40. Let z be o(10). Calculate the greatest common divisor of 4 and z.
4
Let f be (-1)/(-2) + (-116)/(-8). Let u be ((-6)/f)/((-2)/70). What is the highest common factor of u and 56?
14
Let v = -45 + 46. Calculate the greatest common divisor of v and 19.
1
Suppose -5*n + 5 = -0. Calculate the greatest common divisor of n and 1.
1
Suppose 0*h = h - 27. Suppose -3*j + 47 = j - r, -2*j = 3*r - h. What is the highest common divisor of j and 36?
12
Suppose 0*a - 135 = -5*o + a, a - 5 = 0. Calculate the greatest common divisor of 14 and o.
14
Let s(y) = 6*y - 2. Let b be s(2). Let l = b - -5. Calculate the highest common factor of l and 120.
15
Let r = 78 + 42. Let w = -55 + r. Calculate the highest common divisor of 26 and w.
13
Suppose 2*k + c + 220 = 4*k, 0 = -5*k - 4*c + 563. What is the greatest common divisor of k and 37?
37
Suppose 5*a + 0*a - 60 = 0. Let o = 2 + -5. Let d(g) = -2*g - 3. Let j be d(o). Calculate the highest common factor of j and a.
3
Let g be 1/(2/(-360)*-4). What is the greatest common divisor of g and 5?
5
Let n be 6 - 8/4 - (-2 - -3). What is the highest common factor of 12 and n?
3
Let u = 59 + -34. Suppose 5 = -2*o + 5*r + u, -3*o = 2*r + 8. Let a = o + 4. Calculate the greatest common divisor of a and 16.
4
Let x be (66/(-8))/(30/(-80)). Let c(g) = -g**2 + 3*g - 2. Let z be c(6). Let l = z + 31. Calculate the greatest common divisor of l and x.
11
Let m = 32 + -28. What is the highest common factor of m and 24?
4
Let j = -1 + 29. Let l = -7 - -12. Let i(b) = b**3 - 6*b**2 + 5*b + 4. Let u be i(l). Calculate the highest common divisor of u and j.
4
Let d(w) = 8*w**2. Let s be d(4). Suppose 5*u - 47 - s = 0. What is the highest common divisor of 7 and u?
7
Let a = -13 + 28. Suppose -10 = 5*x, 3*x - 5 = -4*j + 5. Suppose 0 = -h + 3*o + 6, j*h - 30 = -h - o. What is the highest common divisor of h and a?
3
Suppose -6*c + 88 = 4*j - 2*c, 4*c + 68 = 2*j. Let a be ((-5)/(-10))/((9/130)/9). What is the greatest common factor of j and a?
13
Let z be (3 - 6) + 1 + 22. Let l = z + -8. What is the highest common divisor of l and 8?
4
Suppose -v = -2*v + 4. Suppose 0 = -3*k + 2*g + 91, 4*g = -4*k - 0*k + 88. Let b be (k/6)/((-3)/(-4)). What is the greatest common factor of v and b?
2
Let g be (1 - 3)/(6/(-9)). Suppose -220 = -a - g*a. Suppose 3*x - h - 57 = -4*h, -5*x - 4*h = -98. What is the highest common divisor of x and a?
11
Suppose 0*n + 486 = 3*n. Suppose 4*q + 69 = 5*b + 280, 3*q = 5*b + n. What is the highest common factor of q and 7?
7
Let g(n) = 3*n - 10. Let a be g(4). Suppose a*y + 2*y - 5*c - 92 = 0, -44 = -2*y + 3*c. Calculate the greatest common divisor of 70 and y.
14
Suppose 6*r + 216 = 2*r. Let a = -14 - r. Suppose 4*h + 3*l - 128 = 0, 3*h + 3*l - 56 - a = 0. What is the highest common factor of 48 and h?
16
Suppose -780 = 4*j - 10*j. Calculate the greatest common factor of 20 and j.
10
Let f(i) = i**2 - 4*i. Let g be f(4). Suppose 0*l + l - 18 = g. Let o = -6 + l. What is the greatest common factor of 84 and o?
12
Let a = -16 - -23. Suppose 5*t = a - 2. Suppose -m + 18 = 2*v, 0*v + 36 = 4*v - 4*m. Calculate the greatest common divisor of t and v.
1
Suppose 0 = -3*j - q - 9, -9 = 3*j - 0*q + 3*q. Let g = -1 - j. Let c be 20/6*24/5. What is the highest common divisor of g and c?
2
Suppose r + 6 = 46. Calculate the highest common factor of r and 8.
8
Let z = 35 - 14. What is the greatest common factor of 84 and z?
21
Suppose 0 = -4*x - 0*x + 48. Suppose -4*o + 30 = o. Calculate the greatest common factor of o and x.
6
Let a(s) = -s**2 - 5*s + 2. Let u be a(-5). Suppose -2*o = -0*o + u. Let m be (-20)/16*4*o. Calculate the highest common factor of m and 55.
5
Let y(u) = 19*u**3 - u**2 + u. Let a be y(1). Suppose 47 = 3*l - a. What is the greatest common factor of l and 11?
11
Let v be 6/(-14) - (-10)/7. Let d be (-4 + 2 - v) + 78. What is the highest common divisor of d and 15?
15
Suppose 332 = 4*o - 4*y, -5*y = -5*o + o + 327. Calculate the highest common factor of 11 and o.
11
Suppose 2*p = -5*t + 24, -5 = 2*p + 1. Suppose k = -17 - 5. Let z be (-400)/k - 6/33. Calculate the greatest common factor of t and z.
6
Let r(d) = 10*d**2 + 4*d + 7. Let x be r(5). Suppose -5*h = -x + 37. Calculate the highest common factor of h and 12.
12
Let k = 4 - -3. Let o = k + 1. Let h = 1 + 0. Calculate the highest common divisor of o and h.
1
Let u be (5/((-5)/(-3)) + 3)/1. Calculate the highest common factor of u and 2.
2
Suppose -2*c - 112 = -3*k, 0*k - 4*c - 54 = -k. Let v(b) = -b**2 - b + 138. Let w be v(0). Suppose w + 117 = 3*a. What is the highest common divisor of a and k?
17
Suppose -8*k + 11 = -101. Let a(p) = 2*p**2 - 5*p + 3. Let j be a(5). What is the greatest common factor of j and k?
14
Let x be 2*3/(-6)*-5. Suppose 12 = -2*o + 2*p - 92, -2*p + 254 = -x*o. Let j = -26 - o. What is the greatest common divisor of 16 and j?
8
Let f(p) = p**2 + 10*p - 6. Let y be f(-10). Let a = -1 - y. Let z(n) = n**3 - 5*n**2 + 2*n. Let v be z(5). What is the greatest common divisor of v and a?
5
Let x = 14 + 155. Calculate the greatest common divisor of 13 and x.
13
Suppose -18 = -4*n - 4*f + 10, 0 = 5*f - 5. Let s = 20 - n. What is the greatest common factor of s and 56?
14
Suppose 0 = 2*r - 5 + 1. Let t be 2*(-1)/r + 8. What is the greatest common factor of 35 and t?
7
Let q(g) = -g - 11. Let c(t) = 2*t + 12. Let u(x) = 4*c(x) + 5*q(x). Let d be u(9). Calculate the greatest common divisor of 4 and d.
4
Suppose h = 5*h - 12. What is the greatest common divisor of 21 and h?
3
Let w = 9 + -4. Suppose -o = -2*o - 3*s + 207, 2*o = -w*s + 411. Let k(h) = -h**2 + h + 22. Let u be k(0). What is the highest common divisor of u and o?
22
Let b = 294 + -288. Suppose -g - 7 = -25. Calculate the greatest common divisor of g and b.
6
Let q be 4/3*15/(-10). Let b be (q/3)/((-2)/21). Calculate the greatest common factor of b and 35.
7
Suppose -3*q = 4*d - 40, -4*q + 43 = -5*d - 62. Suppose -2*c = -4*c + q. Let w = c - -3. What is the greatest common factor of w and 130?
13
Suppose -b = 2*b - 12. Suppose -3*a + b = 4*c + 2*a, 2*c + a = 2. Suppose i + c = 8. What is the highest common divisor of i and 14?
7
Let d(i) = -i**3 + 10*i**2 - 6*i - 6. Let x be d(7). Calculate the greatest common divisor of 9 and x.
9
Let m = 5 + -5. Suppose 4*c - 92 = -m*c. Calculate the highest common factor of 25